is the thousands digit of 123362?
3
What is the thousands digit of 9287?
9
What is the thousands digit of 27121?
7
What is the thousands digit of 29737?
9
What is the hundreds digit of 1872?
8
What is the ten thousands digit of 11164?
1
What is the units digit of 899?
9
What is the tens digit of 6307?
0
What is the hundreds digit of 475?
4
What is the ten thousands digit of 25112?
2
What is the thousands digit of 2565?
2
What is the tens digit of 1522?
2
What is the thousands digit of 9791?
9
What is the hundreds digit of 8623?
6
What is the units digit of 13031?
1
What is the thousands digit of 12579?
2
What is the ten thousands digit of 10352?
1
What is the hundreds digit of 1901?
9
What is the tens digit of 13810?
1
What is the tens digit of 8964?
6
What is the units digit of 1530?
0
What is the units digit of 113424?
4
What is the tens digit of 728?
2
What is the thousands digit of 50082?
0
What is the hundreds digit of 10267?
2
What is the tens digit of 522?
2
What is the units digit of 178767?
7
What is the units digit of 2200?
0
What is the units digit of 117?
7
What is the thousands digit of 75763?
5
What is the hundreds digit of 674?
6
What is the thousands digit of 31592?
1
What is the hundreds digit of 43939?
9
What is the hundreds digit of 421?
4
What is the tens digit of 559?
5
What is the ten thousands digit of 22998?
2
What is the thousands digit of 1835?
1
What is the thousands digit of 9372?
9
What is the hundred thousands digit of 113071?
1
What is the tens digit of 1780?
8
What is the thousands digit of 3418?
3
What is the units digit of 7188?
8
What is the units digit of 11528?
8
What is the hundreds digit of 22827?
8
What is the ten thousands digit of 36469?
3
What is the units digit of 19193?
3
What is the units digit of 1916?
6
What is the ten thousands digit of 20883?
2
What is the units digit of 858?
8
What is the thousands digit of 2716?
2
What is the units digit of 407?
7
What is the thousands digit of 37248?
7
What is the hundreds digit of 12998?
9
What is the units digit of 9333?
3
What is the hundreds digit of 18290?
2
What is the tens digit of 356?
5
What is the hundreds digit of 7487?
4
What is the units digit of 39924?
4
What is the hundreds digit of 2544?
5
What is the units digit of 16105?
5
What is the thousands digit of 7979?
7
What is the ten thousands digit of 61015?
6
What is the thousands digit of 85557?
5
What is the hundreds digit of 732?
7
What is the units digit of 67437?
7
What is the ten thousands digit of 91815?
9
What is the units digit of 80?
0
What is the hundreds digit of 3143?
1
What is the tens digit of 84720?
2
What is the units digit of 298?
8
What is the units digit of 20838?
8
What is the tens digit of 796?
9
What is the hundreds digit of 1079?
0
What is the thousands digit of 2356?
2
What is the tens digit of 72?
7
What is the thousands digit of 14856?
4
What is the units digit of 26255?
5
What is the units digit of 809?
9
What is the tens digit of 2250?
5
What is the thousands digit of 2833?
2
What is the tens digit of 361?
6
What is the thousands digit of 23090?
3
What is the tens digit of 51305?
0
What is the units digit of 14718?
8
What is the tens digit of 26018?
1
What is the tens digit of 3079?
7
What is the hundreds digit of 1274?
2
What is the units digit of 158?
8
What is the hundreds digit of 32151?
1
What is the hundreds digit of 20159?
1
What is the hundreds digit of 559?
5
What is the thousands digit of 5665?
5
What is the thousands digit of 24071?
4
What is the units digit of 489?
9
What is the units digit of 1881?
1
What is the thousands digit of 3527?
3
What is the thousands digit of 1429?
1
What is the hundreds digit of 1999?
9
What is the thousands digit of 1015?
1
What is the units digit of 1208?
8
What is the tens digit of 49051?
5
What is the units digit of 9?
9
What is the tens digit of 83?
8
What is the thousands digit of 1199?
1
What is the tens digit of 324?
2
What is the thousands digit of 83641?
3
What is the tens digit of 55097?
9
What is the thousands digit of 8343?
8
What is the ten thousands digit of 41700?
4
What is the thousands digit of 21279?
1
What is the hundreds digit of 1459?
4
What is the units digit of 382?
2
What is the ten thousands digit of 154512?
5
What is the thousands digit of 61135?
1
What is the hundreds digit of 89857?
8
What is the hundreds digit of 8558?
5
What is the tens digit of 58103?
0
What is the units digit of 775?
5
What is the tens digit of 2134?
3
What is the thousands digit of 2476?
2
What is the hundreds digit of 3521?
5
What is the hundreds digit of 8071?
0
What is the ten thousands digit of 30579?
3
What is the tens digit of 41191?
9
What is the units digit of 8489?
9
What is the units digit of 2713?
3
What is the ten thousands digit of 13521?
1
What is the units digit of 659?
9
What is the units digit of 603?
3
What is the hundreds digit of 393?
3
What is the hundreds digit of 1043?
0
What is the ten thousands digit of 76036?
7
What is the tens digit of 6234?
3
What is the hundreds digit of 4202?
2
What is the thousands digit of 20359?
0
What is the hundreds digit of 3500?
5
What is the tens digit of 35393?
9
What is the hundreds digit of 3571?
5
What is the hundreds digit of 356?
3
What is the tens digit of 2091?
9
What is the hundreds digit of 61448?
4
What is the hundreds digit of 2744?
7
What is the units digit of 1486?
6
What is the tens digit of 8200?
0
What is the ten thousands digit of 10136?
1
What is the tens digit of 1155?
5
What is the hundreds digit of 2561?
5
What is the ten thousands digit of 54479?
5
What is the units digit of 10209?
9
What is the hundreds digit of 1647?
6
What is the hundreds digit of 84543?
5
What is the thousands digit of 36658?
6
What is the units digit of 50382?
2
What is the units digit of 5451?
1
What is the hundreds digit of 124?
1
What is the tens digit of 15739?
3
What is the tens digit of 2239?
3
What is the units digit of 12?
2
What is the tens digit of 73?
7
What is the hundreds digit of 32038?
0
What is the units digit of 42290?
0
What is the ten thousands digit of 22029?
2
What is the hundreds digit of 13392?
3
What is the ten thousands digit of 16064?
1
What is the hundreds digit of 17998?
9
What is the thousands digit of 1250?
1
What is the ten thousands digit of 14073?
1
What is the hundreds digit of 226?
2
What is the units digit of 475?
5
What is the tens digit of 1459?
5
What is the units digit of 9255?
5
What is the tens digit of 36517?
1
What is the tens digit of 7976?
7
What is the units digit of 706?
6
What is the units digit of 254?
4
What is the tens digit of 2674?
7
What is the tens digit of 3279?
7
What is the units digit of 2443?
3
What is the hundreds digit of 20340?
3
What is the tens digit of 69741?
4
What is the hundreds digit of 23733?
7
What is the hundreds digit of 1185?
1
What is the units digit of 534?
4
What is the tens digit of 16856?
5
What is the tens digit of 48?
4
What is the hundreds digit of 434?
4
What is the tens digit of 2483?
8
What is the units digit of 48429?
9
What is the hundreds digit of 960?
9
What is the thousands digit of 17210?
7
What is the hundreds digit of 965?
9
What is the ten thousands digit of 31289?
3
What is the thousands digit of 6281?
6
What is the units digit of 2594?
4
What is the ten thousands digit of 20607?
2
What is the units digit of 1138?
8
What is the tens digit of 74?
7
What is the units digit of 2656?
6
What is the units digit of 839?
9
What is the units digit of 5589?
9
What is the hundreds digit of 2963?
9
What is the ten thousands digit of 31054?
3
What is the ten thousands digit of 68220?
6
What is the tens digit of 912?
1
What is the thousands digit of 16205?
6
What is the tens digit of 1936?
3
What is the thousands digit of 24455?
4
What is the tens digit of 1498?
9
What is the tens digit of 906?
0
What is the hundreds digit of 26848?
8
What is the units digit of 935?
5
What is the units digit of 793?
3
What is the hundreds digit of 1727?
7
What is the hundreds digit of 156?
1
What is the tens digit of 3423?
2
What is the ten thousands digit of 104720?
0
What is the thousands digit of 32077?
2
What is the units digit of 56288?
8
What is the units digit of 1462?
2
What is the thousands digit of 